{"id":158,"date":"2023-02-15T16:50:37","date_gmt":"2023-02-15T15:50:37","guid":{"rendered":"https:\/\/musique-47.com\/?page_id=158"},"modified":"2023-03-05T00:31:05","modified_gmt":"2023-03-04T23:31:05","slug":"encadrement","status":"publish","type":"page","link":"https:\/\/musique-47.com\/index.php\/encadrement\/","title":{"rendered":"Encadrement"},"content":{"rendered":"\t\t<div data-elementor-type=\"wp-page\" data-elementor-id=\"158\" class=\"elementor elementor-158\">\n\t\t\t\t\t\t<section class=\"elementor-section elementor-top-section elementor-element elementor-element-5815304b elementor-section-boxed elementor-section-height-default elementor-section-height-default\" data-id=\"5815304b\" data-element_type=\"section\" data-e-type=\"section\">\n\t\t\t\t\t\t<div class=\"elementor-container elementor-column-gap-default\">\n\t\t\t\t\t<div class=\"elementor-column elementor-col-100 elementor-top-column elementor-element elementor-element-2c02772\" data-id=\"2c02772\" data-element_type=\"column\" data-e-type=\"column\">\n\t\t\t<div class=\"elementor-widget-wrap elementor-element-populated\">\n\t\t\t\t\t\t<div class=\"elementor-element elementor-element-68b6b3c6 elementor-widget elementor-widget-text-editor\" data-id=\"68b6b3c6\" data-element_type=\"widget\" data-e-type=\"widget\" data-widget_type=\"text-editor.default\">\n\t\t\t\t<div class=\"elementor-widget-container\">\n\t\t\t\t\t\t\t\t\t<p style=\"padding-left: 40px;\">Nous accordons une importance primordiale \u00e0 la s\u00e9curit\u00e9 et \u00e0 la qualit\u00e9 de l&#8217;encadrement des stagiaires. Le ratio d&#8217;un encadrant pour cinq stagiaires est sup\u00e9rieur \u00e0 la norme r\u00e9glementaire d&#8217;un pour douze, ce qui permet une attention et un suivi personnalis\u00e9 pour chaque stagiaire.<\/p><p style=\"padding-left: 40px;\">Il est \u00e9galement important de souligner que la pr\u00e9sence de professeurs enti\u00e8rement disponibles pour le travail p\u00e9dagogique peut am\u00e9liorer l&#8217;exp\u00e9rience d&#8217;apprentissage des stagiaires. Les professeurs sont plus efficaces et plus productifs s&#8217;ils n&#8217;ont pas \u00e0 se soucier de l&#8217;encadrement et de la surveillance des stagiaires en permanence.<\/p><p style=\"padding-left: 40px;\">L&#8217;\u00e9quipe d&#8217;animation qualifi\u00e9e avec deux directeurs titulaires du BAFD (Brevet d&#8217;Aptitude aux Fonctions de Directeur) garanti la s\u00e9curit\u00e9 et le bien-\u00eatre des stagiaires tout en organisant des activit\u00e9s ludiques et sportives. La proposition d&#8217;activit\u00e9s en prestation de service \u00e0 prix co\u00fbtant montre \u00e9galement que notre acad\u00e9mie souhaite offrir des activit\u00e9s vari\u00e9es et de qualit\u00e9 pour les stagiaires.<\/p><p style=\"padding-left: 40px;\">L\u2019acad\u00e9mie est d\u00e9clar\u00e9e aupr\u00e8s des services de Jeunesse et Sports et respecte les r\u00e8gles et r\u00e9glementations relatives \u00e0 l&#8217;encadrement de mineurs. Cela garantit un encadrement conforme aux normes en vigueur et une s\u00e9curit\u00e9 maximale pour les stagiaires.<\/p><p style=\"padding-left: 40px;\">En somme, cette acad\u00e9mie a fait le choix de privil\u00e9gier la qualit\u00e9 de l&#8217;encadrement et la s\u00e9curit\u00e9 des stagiaires. Cela favorise un environnement propice \u00e0 l&#8217;apprentissage et \u00e0 la d\u00e9couverte pour les participants.<\/p>\t\t\t\t\t\t\t\t<\/div>\n\t\t\t\t<\/div>\n\t\t\t\t\t<\/div>\n\t\t<\/div>\n\t\t\t\t\t<\/div>\n\t\t<\/section>\n\t\t\t\t<\/div>\n\t\t","protected":false},"excerpt":{"rendered":"<p>Nous accordons une importance primordiale \u00e0 la s\u00e9curit\u00e9 et \u00e0 la qualit\u00e9 de l&#8217;encadrement des stagiaires. Le ratio d&#8217;un encadrant pour cinq stagiaires est sup\u00e9rieur \u00e0 la norme r\u00e9glementaire d&#8217;un pour douze, ce qui permet une attention et un suivi personnalis\u00e9 pour chaque stagiaire. Il est \u00e9galement important de souligner que la pr\u00e9sence de professeurs [&hellip;]<\/p>\n","protected":false},"author":2,"featured_media":0,"parent":0,"menu_order":0,"comment_status":"closed","ping_status":"closed","template":"","meta":{"site-sidebar-layout":"no-sidebar","site-content-layout":"page-builder","ast-site-content-layout":"default","site-content-style":"default","site-sidebar-style":"default","ast-global-header-display":"","ast-banner-title-visibility":"","ast-main-header-display":"","ast-hfb-above-header-display":"","ast-hfb-below-header-display":"","ast-hfb-mobile-header-display":"","site-post-title":"disabled","ast-breadcrumbs-content":"","ast-featured-img":"disabled","footer-sml-layout":"","ast-disable-related-posts":"","theme-transparent-header-meta":"","adv-header-id-meta":"","stick-header-meta":"","header-above-stick-meta":"","header-main-stick-meta":"","header-below-stick-meta":"","astra-migrate-meta-layouts":"default","ast-page-background-enabled":"default","ast-page-background-meta":{"desktop":{"background-color":"var(--ast-global-color-4)","background-image":"","background-repeat":"repeat","background-position":"center center","background-size":"auto","background-attachment":"scroll","background-type":"","background-media":"","overlay-type":"","overlay-color":"","overlay-opacity":"","overlay-gradient":""},"tablet":{"background-color":"","background-image":"","background-repeat":"repeat","background-position":"center center","background-size":"auto","background-attachment":"scroll","background-type":"","background-media":"","overlay-type":"","overlay-color":"","overlay-opacity":"","overlay-gradient":""},"mobile":{"background-color":"","background-image":"","background-repeat":"repeat","background-position":"center center","background-size":"auto","background-attachment":"scroll","background-type":"","background-media":"","overlay-type":"","overlay-color":"","overlay-opacity":"","overlay-gradient":""}},"ast-content-background-meta":{"desktop":{"background-color":"var(--ast-global-color-5)","background-image":"","background-repeat":"repeat","background-position":"center center","background-size":"auto","background-attachment":"scroll","background-type":"","background-media":"","overlay-type":"","overlay-color":"","overlay-opacity":"","overlay-gradient":""},"tablet":{"background-color":"var(--ast-global-color-5)","background-image":"","background-repeat":"repeat","background-position":"center center","background-size":"auto","background-attachment":"scroll","background-type":"","background-media":"","overlay-type":"","overlay-color":"","overlay-opacity":"","overlay-gradient":""},"mobile":{"background-color":"var(--ast-global-color-5)","background-image":"","background-repeat":"repeat","background-position":"center center","background-size":"auto","background-attachment":"scroll","background-type":"","background-media":"","overlay-type":"","overlay-color":"","overlay-opacity":"","overlay-gradient":""}},"footnotes":""},"class_list":["post-158","page","type-page","status-publish","hentry"],"yoast_head":"<!-- This site is optimized with the Yoast SEO plugin v27.5 - https:\/\/yoast.com\/product\/yoast-seo-wordpress\/ -->\n<title>Encadrement - Musique de chambre et orchestres<\/title>\n<meta name=\"robots\" content=\"index, follow, max-snippet:-1, max-image-preview:large, max-video-preview:-1\" \/>\n<link rel=\"canonical\" href=\"https:\/\/musique-47.com\/index.php\/encadrement\/\" \/>\n<meta property=\"og:locale\" content=\"fr_FR\" \/>\n<meta property=\"og:type\" content=\"article\" \/>\n<meta property=\"og:title\" content=\"Encadrement - Musique de chambre et orchestres\" \/>\n<meta property=\"og:description\" content=\"Nous accordons une importance primordiale \u00e0 la s\u00e9curit\u00e9 et \u00e0 la qualit\u00e9 de l&#8217;encadrement des stagiaires. Le ratio d&#8217;un encadrant pour cinq stagiaires est sup\u00e9rieur \u00e0 la norme r\u00e9glementaire d&#8217;un pour douze, ce qui permet une attention et un suivi personnalis\u00e9 pour chaque stagiaire. Il est \u00e9galement important de souligner que la pr\u00e9sence de professeurs [&hellip;]\" \/>\n<meta property=\"og:url\" content=\"https:\/\/musique-47.com\/index.php\/encadrement\/\" \/>\n<meta property=\"og:site_name\" content=\"Musique de chambre et orchestres\" \/>\n<meta property=\"article:publisher\" content=\"https:\/\/www.facebook.com\/StagedeMusique47\/\" \/>\n<meta property=\"article:modified_time\" content=\"2023-03-04T23:31:05+00:00\" \/>\n<meta name=\"twitter:card\" content=\"summary_large_image\" \/>\n<meta name=\"twitter:label1\" content=\"Dur\u00e9e de lecture estim\u00e9e\" \/>\n\t<meta name=\"twitter:data1\" content=\"2 minutes\" \/>\n<script type=\"application\/ld+json\" class=\"yoast-schema-graph\">{\"@context\":\"https:\\\/\\\/schema.org\",\"@graph\":[{\"@type\":\"WebPage\",\"@id\":\"https:\\\/\\\/musique-47.com\\\/index.php\\\/encadrement\\\/\",\"url\":\"https:\\\/\\\/musique-47.com\\\/index.php\\\/encadrement\\\/\",\"name\":\"Encadrement - Musique de chambre et orchestres\",\"isPartOf\":{\"@id\":\"https:\\\/\\\/musique-47.com\\\/#website\"},\"datePublished\":\"2023-02-15T15:50:37+00:00\",\"dateModified\":\"2023-03-04T23:31:05+00:00\",\"breadcrumb\":{\"@id\":\"https:\\\/\\\/musique-47.com\\\/index.php\\\/encadrement\\\/#breadcrumb\"},\"inLanguage\":\"fr-FR\",\"potentialAction\":[{\"@type\":\"ReadAction\",\"target\":[\"https:\\\/\\\/musique-47.com\\\/index.php\\\/encadrement\\\/\"]}]},{\"@type\":\"BreadcrumbList\",\"@id\":\"https:\\\/\\\/musique-47.com\\\/index.php\\\/encadrement\\\/#breadcrumb\",\"itemListElement\":[{\"@type\":\"ListItem\",\"position\":1,\"name\":\"Accueil\",\"item\":\"https:\\\/\\\/musique-47.com\\\/\"},{\"@type\":\"ListItem\",\"position\":2,\"name\":\"Encadrement\"}]},{\"@type\":\"WebSite\",\"@id\":\"https:\\\/\\\/musique-47.com\\\/#website\",\"url\":\"https:\\\/\\\/musique-47.com\\\/\",\"name\":\"Musique de chambre et orchestres\",\"description\":\"Acad\u00e9mie du 11 au 19 ao\u00fbt 2023\",\"publisher\":{\"@id\":\"https:\\\/\\\/musique-47.com\\\/#organization\"},\"potentialAction\":[{\"@type\":\"SearchAction\",\"target\":{\"@type\":\"EntryPoint\",\"urlTemplate\":\"https:\\\/\\\/musique-47.com\\\/?s={search_term_string}\"},\"query-input\":{\"@type\":\"PropertyValueSpecification\",\"valueRequired\":true,\"valueName\":\"search_term_string\"}}],\"inLanguage\":\"fr-FR\"},{\"@type\":\"Organization\",\"@id\":\"https:\\\/\\\/musique-47.com\\\/#organization\",\"name\":\"Ensemble Pierre Taconne\",\"url\":\"https:\\\/\\\/musique-47.com\\\/\",\"logo\":{\"@type\":\"ImageObject\",\"inLanguage\":\"fr-FR\",\"@id\":\"https:\\\/\\\/musique-47.com\\\/#\\\/schema\\\/logo\\\/image\\\/\",\"url\":\"https:\\\/\\\/musique-47.com\\\/wp-content\\\/uploads\\\/2023\\\/02\\\/cropped-Logo-EPT.png\",\"contentUrl\":\"https:\\\/\\\/musique-47.com\\\/wp-content\\\/uploads\\\/2023\\\/02\\\/cropped-Logo-EPT.png\",\"width\":77,\"height\":103,\"caption\":\"Ensemble Pierre Taconne\"},\"image\":{\"@id\":\"https:\\\/\\\/musique-47.com\\\/#\\\/schema\\\/logo\\\/image\\\/\"},\"sameAs\":[\"https:\\\/\\\/www.facebook.com\\\/StagedeMusique47\\\/\"]}]}<\/script>\n<!-- \/ Yoast SEO plugin. -->","yoast_head_json":{"title":"Encadrement - Musique de chambre et orchestres","robots":{"index":"index","follow":"follow","max-snippet":"max-snippet:-1","max-image-preview":"max-image-preview:large","max-video-preview":"max-video-preview:-1"},"canonical":"https:\/\/musique-47.com\/index.php\/encadrement\/","og_locale":"fr_FR","og_type":"article","og_title":"Encadrement - Musique de chambre et orchestres","og_description":"Nous accordons une importance primordiale \u00e0 la s\u00e9curit\u00e9 et \u00e0 la qualit\u00e9 de l&#8217;encadrement des stagiaires. Le ratio d&#8217;un encadrant pour cinq stagiaires est sup\u00e9rieur \u00e0 la norme r\u00e9glementaire d&#8217;un pour douze, ce qui permet une attention et un suivi personnalis\u00e9 pour chaque stagiaire. Il est \u00e9galement important de souligner que la pr\u00e9sence de professeurs [&hellip;]","og_url":"https:\/\/musique-47.com\/index.php\/encadrement\/","og_site_name":"Musique de chambre et orchestres","article_publisher":"https:\/\/www.facebook.com\/StagedeMusique47\/","article_modified_time":"2023-03-04T23:31:05+00:00","twitter_card":"summary_large_image","twitter_misc":{"Dur\u00e9e de lecture estim\u00e9e":"2 minutes"},"schema":{"@context":"https:\/\/schema.org","@graph":[{"@type":"WebPage","@id":"https:\/\/musique-47.com\/index.php\/encadrement\/","url":"https:\/\/musique-47.com\/index.php\/encadrement\/","name":"Encadrement - Musique de chambre et orchestres","isPartOf":{"@id":"https:\/\/musique-47.com\/#website"},"datePublished":"2023-02-15T15:50:37+00:00","dateModified":"2023-03-04T23:31:05+00:00","breadcrumb":{"@id":"https:\/\/musique-47.com\/index.php\/encadrement\/#breadcrumb"},"inLanguage":"fr-FR","potentialAction":[{"@type":"ReadAction","target":["https:\/\/musique-47.com\/index.php\/encadrement\/"]}]},{"@type":"BreadcrumbList","@id":"https:\/\/musique-47.com\/index.php\/encadrement\/#breadcrumb","itemListElement":[{"@type":"ListItem","position":1,"name":"Accueil","item":"https:\/\/musique-47.com\/"},{"@type":"ListItem","position":2,"name":"Encadrement"}]},{"@type":"WebSite","@id":"https:\/\/musique-47.com\/#website","url":"https:\/\/musique-47.com\/","name":"Musique de chambre et orchestres","description":"Acad\u00e9mie du 11 au 19 ao\u00fbt 2023","publisher":{"@id":"https:\/\/musique-47.com\/#organization"},"potentialAction":[{"@type":"SearchAction","target":{"@type":"EntryPoint","urlTemplate":"https:\/\/musique-47.com\/?s={search_term_string}"},"query-input":{"@type":"PropertyValueSpecification","valueRequired":true,"valueName":"search_term_string"}}],"inLanguage":"fr-FR"},{"@type":"Organization","@id":"https:\/\/musique-47.com\/#organization","name":"Ensemble Pierre Taconne","url":"https:\/\/musique-47.com\/","logo":{"@type":"ImageObject","inLanguage":"fr-FR","@id":"https:\/\/musique-47.com\/#\/schema\/logo\/image\/","url":"https:\/\/musique-47.com\/wp-content\/uploads\/2023\/02\/cropped-Logo-EPT.png","contentUrl":"https:\/\/musique-47.com\/wp-content\/uploads\/2023\/02\/cropped-Logo-EPT.png","width":77,"height":103,"caption":"Ensemble Pierre Taconne"},"image":{"@id":"https:\/\/musique-47.com\/#\/schema\/logo\/image\/"},"sameAs":["https:\/\/www.facebook.com\/StagedeMusique47\/"]}]}},"_links":{"self":[{"href":"https:\/\/musique-47.com\/index.php\/wp-json\/wp\/v2\/pages\/158","targetHints":{"allow":["GET"]}}],"collection":[{"href":"https:\/\/musique-47.com\/index.php\/wp-json\/wp\/v2\/pages"}],"about":[{"href":"https:\/\/musique-47.com\/index.php\/wp-json\/wp\/v2\/types\/page"}],"author":[{"embeddable":true,"href":"https:\/\/musique-47.com\/index.php\/wp-json\/wp\/v2\/users\/2"}],"replies":[{"embeddable":true,"href":"https:\/\/musique-47.com\/index.php\/wp-json\/wp\/v2\/comments?post=158"}],"version-history":[{"count":13,"href":"https:\/\/musique-47.com\/index.php\/wp-json\/wp\/v2\/pages\/158\/revisions"}],"predecessor-version":[{"id":645,"href":"https:\/\/musique-47.com\/index.php\/wp-json\/wp\/v2\/pages\/158\/revisions\/645"}],"wp:attachment":[{"href":"https:\/\/musique-47.com\/index.php\/wp-json\/wp\/v2\/media?parent=158"}],"curies":[{"name":"wp","href":"https:\/\/api.w.org\/{rel}","templated":true}]}}